(-4). Let c = -3 + o. Let d(x) = 5*x**3 - x. Calculate d(c).
-4
Let n be (-15)/24*2*4. Let z = -4 - n. Let h(x) be the first derivative of -4*x**2 + 4. What is h(z)?
-8
Let x(q) be the second derivative of -q**4/12 + q**3/6 + q**2/2 - 2*q. Let f(h) be the first derivative of x(h). Calculate f(-2).
5
Let m(p) be the second derivative of -p**5/20 + p**4/12 - p**3/6 + p**2 - p. Give m(2).
-4
Let t(l) = -l**2 - l - 4. Suppose -2*j + 13 = -5*b, -5*j = -2*b - 8*j - 9. Let n(m) = m**2 - 7*m + 6. Let k be n(6). Let r = k + b. What is t(r)?
-10
Let d = -5 - -9. Let j(q) = 2*q**3 - 2*q + 4 - q**3 + 8*q**2 - d*q**2. Calculate j(-4).
12
Let f be (-159)/21 - 9/21. Let d(x) = x**3 + 7*x**2 - 8*x - 6. Determine d(f).
-6
Let c(l) be the first derivative of l**7/420 + l**6/180 + l**5/120 + 4*l**3/3 + 4. Let o(q) be the third derivative of c(q). What is o(-1)?
-1
Let k(f) = -2*f - 4. Let g be -1 + (3/(-1))/(-3). Suppose g = -5*z + 9 + 1. Let p = -1 - z. Determine k(p).
2
Let u = 9 + -19. Let j be u*(2 - 3/2). Let d(a) = -a**3 - 4*a**2 + 4*a - 2. Determine d(j).
3
Suppose 0 = -4*j - 3*k + 36, -5*k - 9 + 29 = 0. Let l(h) = 4*h + 4 - j*h - 2 + 2. Determine l(3).
-2
Let d be 10/70 - 13/(-7). Let h(y) = -2*y + 2. Calculate h(d).
-2
Let b(o) = -8*o + 14. Let y(x) = -17*x + 28. Let w(s) = 13*b(s) - 6*y(s). Let p be w(11). Let d = p + 12. Let z(v) = v**2 - 6*v + 2. What is z(d)?
-6
Suppose -2*m + 3 = s, m + m - 7 = -5*s. Let r = 2 - m. Let i(l) = -l - 1. Let t(h) = h + 5. Let n(d) = -4*i(d) - t(d). Determine n(r).
2
Let v(u) = 3*u + 2. Let i(x) = 2*x**2 + x + 1. Let g(f) = -i(f) - v(f). What is g(-2)?
-3
Let s be ((-2)/2 - -2)*(1 + -1). Let x(y) = -y**2 + y + 14. Give x(s).
14
Let m(x) = -6*x**2 - x - 1. Let z be (-3)/3*(-1 + -1). Suppose -z*f - 1 = 1. Calculate m(f).
-6
Let p(q) = 3*q - 3. Let w(k) = 13*k - 13. Let t(z) = 9*p(z) - 2*w(z). Calculate t(1).
0
Let u(l) be the second derivative of l**4/12 - 5*l**3/6 - 3*l**2 + 4*l. Suppose 2*g = -4*k + 3*k + 6, -3*g = 3*k - 18. Calculate u(k).
0
Let v(z) = z - 1. Let n(r) = 5*r - 2. Let a(s) = -n(s) + 6*v(s). Let o be (2 - 0) + (2 - 1). Determine a(o).
-1
Suppose 0 = 3*r + r - 16. Let g(k) = 7*k**2 + 3*k - 6. Let u(p) = 8*p**2 + 4*p - 7. Let i(d) = 7*g(d) - 6*u(d). Calculate i(r).
4
Let p(a) = -a**3 + 5*a**2 + a - 7. Suppose 0 = i + 3*i. Let m = -3 + 4. Let w be (-10 + i/m)/(-2). Give p(w).
-2
Let a(u) = -u + 1. Let l(c) = c**2 - 2*c + 1. Let g(x) = -5*a(x) - l(x). Give g(4).
6
Let w(g) = -g**3 + 5*g**2 - 5. Suppose 4 = -11*s + 12*s. Calculate w(s).
11
Let a = -32 + 14. Let i = -18 - a. Let d(q) be the third derivative of q**6/120 + q**4/24 - 2*q**2. Give d(i).
0
Let z = 67 + -59. Let u(b) = b - 2. Determine u(z).
6
Let v(p) = -5*p**3 - p**2 - p + 1. Let h(t) = -4*t**3 + 1. Let z(x) = -3*h(x) + 2*v(x). Calculate z(-1).
-3
Let f(z) = -z**3 + 2*z**2 - 2*z. Let r = -34 + 37. Give f(r).
-15
Let y(s) = s - 1. Let l(g) = 3*g + 4. Let b(v) = -l(v) + 4*y(v). What is b(0)?
-8
Let c be (-2)/8 + 2/8. Let j(t) be the second derivative of t**5/120 - t**4/6 + t**3/3 + t. Let l(f) be the second derivative of j(f). Determine l(c).
-4
Let n(q) = -q**3 + 4*q**2 - q + 1. Let d(r) = -r**3 - 3*r**2 + 4*r + 2. Let o be d(-4). Determine n(o).
7
Let a(k) = 2*k + 1. Let x be (-4 + -2)/((-4)/2). Give a(x).
7
Let x(s) = s. Let q = -11 - -21. Let p(v) = v**3 - 9*v**2 - 10*v. Let z be p(q). Calculate x(z).
0
Let g be (-22)/(-6) + (-4)/(-12). Suppose 0 = -k + 5*a + 17, -g*k + 4*a + 29 = -k. Let x(b) = -k*b + 2*b**2 - 3 + 2*b - 3*b**2. Determine x(-5).
-3
Let r(i) = -11*i**2 + 18*i - 7. Let m(x) = 7*x**2 - 12*x + 5. Let k(o) = -8*m(o) - 5*r(o). Let w be k(5). Let s(g) = g - 2. Determine s(w).
-2
Let u(s) = -s**2 - 2*s - 1. Let t be u(-1). Let m be 0*((-6)/(-12) - 0). Let g = m - t. Let f(k) = k**3 - k**2 + k + 1. Give f(g).
1
Let q be 20/11 - (-4)/22. Let p(f) = 2*f + 2. What is p(q)?
6
Let z(x) be the third derivative of x**7/840 + x**6/72 - x**5/24 + 5*x**4/24 - x**3/6 - 3*x**2. Let a(g) be the first derivative of z(g). Calculate a(-6).
-1
Let k(a) = -a - 4. Suppose -6 = -4*c + 2*c - 2*i, i = 5. Let d(b) = b + 2. Let u be d(c). Suppose u = p + p. Give k(p).
-4
Suppose 3*q - 2*c + 5*c = 6, -2*c - 2 = -q. Let s(n) = -2*n**3 + q + 5*n**2 + 4*n**3 + 2*n**3 - 5*n**3. What is s(5)?
2
Let n(b) = b**3 + 7*b**2 - 10*b - 5. Let u be n(-8). Let s = -6 + u. Let l(d) = d**2 - d - 7. Determine l(s).
13
Let h(b) = -5*b**2 + 4. Let y(t) = 4*t**2 - t - 4. Suppose q + 5*o + 11 = 0, 13 - 4 = 3*q + o. Let f(a) = q*y(a) + 3*h(a). Determine f(5).
1
Suppose u - 2 = 1. Suppose -5*g + u = -12. Let t(l) = l**2. What is t(g)?
9
Let m be 2 + 1 + -11 + 10. Let c(l) = -l**3 - l - 1. Calculate c(m).
-11
Let t(y) be the second derivative of -7*y**5/20 - y**4/12 - y**3/6 - y**2/2 - 55*y. What is t(-1)?
6
Let l be ((-594)/(-12))/11*(-2)/(-3). Let n(u) be the third derivative of -2*u**2 + 5/24*u**4 + 5/6*u**l + 1/60*u**5 + 0*u + 0. Determine n(-5).
5
Let a = -1 + 5. Suppose w + 2 = -g, 13 = -4*g + a*w + 29. Let l(k) = 13*k - 1. Determine l(g).
12
Let t(k) = 3*k - 6. Let h(g) = 6*g - 12. Let i(z) = -3*h(z) + 7*t(z). Suppose -13 = -2*u - m + 6*m, -2*u = -2*m - 10. Give i(u).
6
Suppose -3*p + 2 = -2*p. Suppose 0*u = -p*u - 8. Let i(r) be the first derivative of r**3/3 + 3*r**2 + 3*r - 3. Determine i(u).
-5
Let h(o) = -o**3 - 6*o**2 + 8*o + 5. Let y be ((-12)/(-30))/((-1)/25) - -3. Give h(y).
-2
Let q(y) be the second derivative of y**3 + 3*y. What is q(1)?
6
Let c(a) be the first derivative of -a**3/3 + a**2 + 14. Suppose -3 = 5*k - 13. What is c(k)?
0
Let y(m) = -4*m + 6. Let p(g) = -6*g + 9. Let z(l) = 5*p(l) - 8*y(l). Let n be 4*(-1 - 0) - -1. Let w be n/(-2)*2 + 2. Determine z(w).
7
Let g be (16 - 0) + -1*2. Let c be (g - 15)*(6 + 0). Let r(i) = -i**2 - 4*i + 7. What is r(c)?
-5
Let w(y) = -y**2 + 4*y - 4. Let c be w(3). Let q = c + -3. Let s be 3*q/(-6) - 1. Let d(n) = -n - 1. What is d(s)?
-2
Suppose -5*v + 10*v + 3*h + 37 = 0, 5*h + 20 = 0. Let k(m) = m**2 + 7*m + 7. Let x be k(v). Let r(z) = -z**3 - 2*z**2 + 3*z + 1. Give r(x).
1
Let o(f) be the third derivative of f**4/6 + 3*f**2. Let n(k) = 7*k. Let p(m) = 3*n(m) - 5*o(m). Determine p(-3).
-3
Let b = -2 + 4. Suppose -4*r = -3*r - 2. Let s(d) = 0*d**b - 1 + 0*d - r*d + d**2. Give s(4).
7
Let u(j) be the first derivative of -j**2/2 + 9*j + 50. What is u(5)?
4
Let p be 7/(2 + (-2 - 1)). Let n(b) be the first derivative of b**2/2 - 3. Give n(p).
-7
Let p(t) = 4*t - 6. Let j(x) = 3*x - 6. Let v(w) = -5*j(w) + 4*p(w). Determine v(0).
6
Let o(i) = -i**2 - 4*i - 7. Let d = -46 - -41. Determine o(d).
-12
Let b(j) be the second derivative of j**2 + 1/12*j**4 + 1/6*j**3 - 2*j + 0. What is b(-2)?
4
Let r(b) be the second derivative of b**3/6 - 3*b**2/2 - 11*b. Give r(7).
4
Suppose 2*m = 3*p - 10, 4*m - p + 29 + 1 = 0. Let q be ((-4)/m)/((-1)/(-2)). Let j be q/2*3*-2. Let t(b) = -b**2 - 2*b - 3. Determine t(j).
-6
Let g = -125 - -127. Let i(z) be the first derivative of -g*z**2 + 1 - 2/3*z**3 + z. Calculate i(-3).
-5
Let z(t) = -t**3 - t**2 - t + 1. Let q(r) = -r + 5. Let d be q(4). Give z(d).
-2
Let n(v) = -v**3 - 5*v**2 + v - 1. Suppose -3*h + p + 9 = 0, 5*p = -4*h - 3 - 4. Suppose 8 = h*l - 0*l. Suppose -l*d = -2*d + 10. Calculate n(d).
-6
Let n = -4 + 5. Let c(j) = -j + n + 3*j - 10*j**3 - 2*j. Determine c(1).
-9
Let t(n) = n**3 + 4*n**2 - 2*n - 2. Suppose -x - 5*w = 9, 3*x - w - 2*w + 9 = 0. What is t(x)?
6
Suppose 4*u + 27 = 5*p + 6, -2*u = 8. Let i be 3 + (p - 3) + 4. Let t(q) = q - 1. Calculate t(i).
4
Let p = 7 - 4. Let l(a) = -p*a + a**2 + 1 - 5*a**2 + 2*a. What is l(1)?
-4
Let u(q) = q**2 - 3*q + 4. Let a be (-6)/(-12) - (-13)/(-2). Let z(w) = w + 9. Let m be z(a). Give u(m).
4
Let g(j) = j + 7. Let r be g(-5). Suppose -8 = -3*t - r. Suppose l = t - 4. Let p(k) = k**2 - k - 2. What is p(l)?
4
Let i(g) = -4*g + 3. Let y(w) = -w**2 + 9*w + 25. Let c be y(11). Calculate i(c).
-9
Suppose 8 + 2 = -5*a - 5*f, 3*a - 1 = 4*f. Let k be a/(-1 - -2) + -2. Let v be (-15)/9 - (-1)/k. Let r(q) = 3*q + 2. Give r(v).
-4
Let u be (-2)/5 + (-110)/(-150). Let f(q) be the third derivative of -u*q**3 + 0*q - 1/8*q**4 - 1/30*q**5 + 0 - q**2. What is f(-2)?
-4
Let h(b) be the third derivative of -b**4/8 + b**3/6 + 11*b**2. Determine h(3).
-8
Let k(